digit of 395?
9
What is the units digit of 1152?
2
What is the hundreds digit of 6851?
8
What is the ten thousands digit of 19199?
1
What is the hundreds digit of 15043?
0
What is the ten thousands digit of 33120?
3
What is the hundreds digit of 134?
1
What is the tens digit of 423?
2
What is the hundreds digit of 7666?
6
What is the units digit of 22671?
1
What is the units digit of 697?
7
What is the units digit of 46127?
7
What is the units digit of 76992?
2
What is the tens digit of 937?
3
What is the tens digit of 30459?
5
What is the tens digit of 1042?
4
What is the hundreds digit of 3045?
0
What is the tens digit of 814?
1
What is the hundreds digit of 352?
3
What is the thousands digit of 16689?
6
What is the hundreds digit of 33383?
3
What is the units digit of 451?
1
What is the hundreds digit of 2573?
5
What is the hundreds digit of 89560?
5
What is the hundreds digit of 7984?
9
What is the hundreds digit of 79928?
9
What is the hundreds digit of 468?
4
What is the units digit of 850?
0
What is the tens digit of 325?
2
What is the tens digit of 7570?
7
What is the tens digit of 173?
7
What is the units digit of 58392?
2
What is the tens digit of 106?
0
What is the hundreds digit of 5729?
7
What is the ten thousands digit of 10833?
1
What is the units digit of 880?
0
What is the units digit of 2750?
0
What is the tens digit of 72266?
6
What is the tens digit of 556?
5
What is the thousands digit of 11065?
1
What is the tens digit of 194?
9
What is the hundreds digit of 31300?
3
What is the tens digit of 2317?
1
What is the hundreds digit of 10874?
8
What is the tens digit of 5193?
9
What is the tens digit of 88336?
3
What is the ten thousands digit of 34324?
3
What is the tens digit of 49234?
3
What is the tens digit of 871?
7
What is the tens digit of 6819?
1
What is the units digit of 555?
5
What is the units digit of 1345?
5
What is the hundreds digit of 18975?
9
What is the thousands digit of 3475?
3
What is the units digit of 243?
3
What is the units digit of 41995?
5
What is the tens digit of 14007?
0
What is the thousands digit of 6950?
6
What is the thousands digit of 29763?
9
What is the tens digit of 1273?
7
What is the ten thousands digit of 36029?
3
What is the tens digit of 73139?
3
What is the hundreds digit of 739?
7
What is the units digit of 2970?
0
What is the hundreds digit of 940?
9
What is the hundreds digit of 837?
8
What is the ten thousands digit of 57407?
5
What is the tens digit of 8775?
7
What is the hundreds digit of 525?
5
What is the tens digit of 14663?
6
What is the hundreds digit of 4772?
7
What is the hundreds digit of 490?
4
What is the hundreds digit of 3210?
2
What is the thousands digit of 15879?
5
What is the thousands digit of 5552?
5
What is the hundreds digit of 21639?
6
What is the hundreds digit of 188?
1
What is the tens digit of 4898?
9
What is the hundreds digit of 193?
1
What is the tens digit of 336?
3
What is the tens digit of 4026?
2
What is the thousands digit of 1954?
1
What is the hundreds digit of 145440?
4
What is the ten thousands digit of 47236?
4
What is the tens digit of 1890?
9
What is the thousands digit of 1427?
1
What is the hundreds digit of 608?
6
What is the ten thousands digit of 13942?
1
What is the thousands digit of 22639?
2
What is the units digit of 212?
2
What is the tens digit of 911?
1
What is the thousands digit of 3251?
3
What is the ten thousands digit of 20054?
2
What is the units digit of 16104?
4
What is the tens digit of 867?
6
What is the hundreds digit of 2233?
2
What is the thousands digit of 1204?
1
What is the tens digit of 563?
6
What is the tens digit of 6744?
4
What is the hundreds digit of 24262?
2
What is the tens digit of 2274?
7
What is the thousands digit of 10231?
0
What is the hundreds digit of 45791?
7
What is the units digit of 528?
8
What is the thousands digit of 22526?
2
What is the hundreds digit of 2216?
2
What is the thousands digit of 1840?
1
What is the tens digit of 3366?
6
What is the ten thousands digit of 18450?
1
What is the thousands digit of 15308?
5
What is the units digit of 1702?
2
What is the units digit of 65863?
3
What is the thousands digit of 17639?
7
What is the units digit of 2021?
1
What is the units digit of 57908?
8
What is the units digit of 29176?
6
What is the ten thousands digit of 19377?
1
What is the tens digit of 892?
9
What is the hundreds digit of 1347?
3
What is the units digit of 4028?
8
What is the thousands digit of 13665?
3
What is the ten thousands digit of 17193?
1
What is the units digit of 77857?
7
What is the tens digit of 570?
7
What is the ten thousands digit of 12273?
1
What is the hundreds digit of 80079?
0
What is the hundreds digit of 1992?
9
What is the hundreds digit of 13930?
9
What is the hundreds digit of 509?
5
What is the hundreds digit of 1253?
2
What is the units digit of 1042?
2
What is the units digit of 1718?
8
What is the hundreds digit of 1073?
0
What is the units digit of 287?
7
What is the tens digit of 12363?
6
What is the tens digit of 9710?
1
What is the tens digit of 25999?
9
What is the thousands digit of 2567?
2
What is the tens digit of 525?
2
What is the tens digit of 537?
3
What is the tens digit of 6678?
7
What is the units digit of 264?
4
What is the thousands digit of 10520?
0
What is the units digit of 72?
2
What is the tens digit of 52431?
3
What is the tens digit of 1523?
2
What is the ten thousands digit of 49081?
4
What is the thousands digit of 10537?
0
What is the hundreds digit of 997?
9
What is the hundreds digit of 33293?
2
What is the tens digit of 8816?
1
What is the tens digit of 1677?
7
What is the tens digit of 30533?
3
What is the units digit of 11961?
1
What is the units digit of 1346?
6
What is the thousands digit of 28120?
8
What is the hundreds digit of 882?
8
What is the thousands digit of 20448?
0
What is the hundreds digit of 894?
8
What is the units digit of 4534?
4
What is the hundreds digit of 26272?
2
What is the ten thousands digit of 44125?
4
What is the hundreds digit of 13524?
5
What is the thousands digit of 11887?
1
What is the ten thousands digit of 16859?
1
What is the hundreds digit of 1130?
1
What is the units digit of 8532?
2
What is the units digit of 10262?
2
What is the tens digit of 45612?
1
What is the thousands digit of 5692?
5
What is the tens digit of 7314?
1
What is the units digit of 984?
4
What is the hundreds digit of 424?
4
What is the hundreds digit of 3399?
3
What is the tens digit of 102?
0
What is the hundreds digit of 1866?
8
What is the units digit of 232?
2
What is the ten thousands digit of 19216?
1
What is the tens digit of 366?
6
What is the hundreds digit of 26633?
6
What is the tens digit of 724?
2
What is the hundreds digit of 720?
7
What is the units digit of 16626?
6
What is the tens digit of 606?
0
What is the units digit of 14219?
9
What is the tens digit of 27945?
4
What is the units digit of 2165?
5
What is the ten thousands digit of 31365?
3
What is the thousands digit of 7916?
7
What is the hundreds digit of 642?
6
What is the units digit of 602?
2
What is the hundreds digit of 12083?
0
What is the tens digit of 3661?
6
What is the tens digit of 1394?
9
What is the hundreds digit of 651?
6
What is the units digit of 503?
3
What is the hundreds digit of 22191?
1
What is the thousands digit of 113654?
3
What is the units digit of 35808?
8
What is the thousands digit of 66844?
6
What is the thousands digit of 1087?
1
What is the units digit of 99196?
6
What is the tens digit of 445?
4
What is the hundreds digit of 5809?
8
What is the tens digit of 18900?
0
What is the thousands digit of 1521?
1
What is the thousands digit of 1674?
1
What is the hundreds digit of 2238?
2
What is the hundreds digit of 3611?
6
What is the units digit of 4796?
6
What is the thousands digit of 18608?
8
What is the units digit of 1835?
5
What is the tens digit of 3070?
7
What is the units digit of 873?
3
What is the thousands digit of 4650?
4
What is the tens digit of 1550?
5
What is the thousands digit of 55025?
5
What is the hundreds digit of 129649?
6
What is the thousands digit of 25112?
5
What is the units digit of 826?
6
What is the units digit of 4587?
7
What is the tens digit of 6890?
9
What is th